 16 = -3*y. What is the highest common factor of x and s?
14
Let l = -3 + 11. Calculate the greatest common divisor of l and 20.
4
Suppose -2*a = -8, -76 - 114 = -5*o + 5*a. Let q = 9 + 5. Calculate the highest common divisor of q and o.
14
Suppose -4*o + 12 - 49 = -c, -53 = -4*c - 3*o. What is the greatest common divisor of 51 and c?
17
Suppose -z - 4*i + 15 = -22, 2*i + 49 = z. Let s = 20 - 12. Let y be 0/1 + -3 + s. Calculate the highest common divisor of y and z.
5
Let d(r) = 8*r**2 + 5*r + 4. Let n be d(-6). Let x = n + -181. What is the highest common factor of 9 and x?
9
Let c be 6/(-8) - (-344)/32. Calculate the greatest common factor of 30 and c.
10
Let p = 8 + 3. What is the greatest common factor of p and 99?
11
Suppose 2*i = r - 4, -5*r + 22 = -3*i - 5. What is the greatest common divisor of r and 48?
6
Suppose z - 1 = 2. Calculate the highest common divisor of z and 12.
3
Suppose 0 = -8*w + 9*w - 51. Calculate the highest common divisor of w and 17.
17
Suppose -2*x - 12 = -40. Let i be 124/6 - 1/(-3). Suppose -j = -0 - i. Calculate the highest common factor of j and x.
7
Suppose 0 = 5*g - 3*i - 0*i - 97, 5*i = 4*g - 75. Let o(p) = 10*p. Let h be o(4). Calculate the highest common factor of g and h.
20
Let j be (54/(-10))/(624/90 + -7). What is the greatest common divisor of j and 108?
27
Let g(b) = 3*b + 108. Let p be g(-33). Calculate the highest common divisor of p and 36.
9
Let z(m) = -13*m**3 - 2*m**2 - 2*m - 1. Let r be z(-1). What is the greatest common factor of 108 and r?
12
Let y(l) = l**2 + 8*l - 9. Suppose -t - 3 = 7. Let b be y(t). Suppose 5*p - b - 39 = 0. Calculate the greatest common divisor of p and 20.
10
Suppose 9*f = 3*m + 4*f - 7, m - 3*f - 1 = 0. Let t(z) = -2 - m + 2 - 18*z + 1. Let o be t(-2). Calculate the greatest common factor of 22 and o.
11
Let i = 274 + -193. Suppose -95 = -5*q - 5*v, 8*v - 3*v + i = 3*q. Let o = q - 10. Calculate the greatest common factor of o and 24.
12
Suppose 5*y - 5*f - 87 = 18, -2*f - 10 = 0. Calculate the highest common factor of 16 and y.
16
Let j(r) = r**3 - 2*r**2 - 4*r + 2. Let q be j(4). Calculate the highest common divisor of q and 2.
2
Suppose -2*n + 8 = -0. Let f be -2*((-6)/(-4) - 2). What is the greatest common divisor of f and n?
1
Let r = -347 - -568. Calculate the highest common divisor of r and 17.
17
Let s be 2/3 + (-1 - 25/(-3)). What is the greatest common factor of 12 and s?
4
Let c(w) = -w**3 - 2*w**2 - 3*w + 4. Let d be c(-3). Suppose 4 + d = s. Suppose 0*h - 4*h = -156. What is the highest common factor of h and s?
13
Let f(a) = a**3 + a**2 - 2*a + 4. Let q be f(0). Let d(m) = -m**3 + 6*m**2 - 3*m. Let h be d(q). What is the greatest common divisor of h and 20?
20
Let m(l) = 5*l**2 + 7*l + 6. Let h be m(-4). Suppose 5*d = -h - 2. Let t be (-14 + 2)*40/d. What is the highest common factor of t and 16?
8
Let j be 6/7*(-2 + -5). Let w = j - -11. Suppose w*z - 4 = 4*z. Calculate the highest common factor of 10 and z.
2
Let i = -181 + 201. Let k be (0 + 45)*(-6)/(-9). Calculate the highest common divisor of k and i.
10
Suppose -4*p = -8*p + 4*f + 136, -4*p = -2*f - 138. Calculate the greatest common divisor of p and 14.
7
Let u = -50 - -62. Let q(i) = -25*i**3 - 2*i**2 - 2*i - 1. Let l be q(-1). What is the greatest common factor of l and u?
12
Suppose 0*q = 3*q - 195. Suppose 4*m = 7 + 5. Let h be -65*4/(-30)*m. What is the highest common factor of h and q?
13
Let n be 15/21 + 6/21. What is the highest common divisor of 8 and n?
1
Let w be (-1)/2*(1 + 1). Let q be (w*14)/(2/(-2)). Suppose -4*t - 3*r + 8*r = -56, -4*t = 5*r - 56. Calculate the highest common factor of q and t.
14
Let s(o) = 3*o**2 + o + 1. Let q be s(-1). Let g be ((-39)/2)/((-1)/4). Suppose -q*v + g = -153. What is the greatest common divisor of v and 7?
7
Let b(z) = -3*z**2 + 4*z - 2. Let g be b(2). Let h = -5 - g. What is the highest common divisor of h and 1?
1
Suppose -4*p = 2*j - 1364, 5*p - 1711 = 3*j - 4*j. What is the greatest common factor of p and 49?
49
Suppose 0 - 18 = -2*i. Suppose -3*r + 57 = -114. Suppose -i = -3*j + r. Calculate the highest common factor of j and 33.
11
Let s be 20*-1*(-6)/4. Let a(l) = l**3 + 7*l**2 + 7*l + 7. Let g be a(-7). Let y be (-6)/(-4) - g/4. Calculate the greatest common factor of y and s.
6
Let q be ((-18)/6)/((-2)/18). What is the highest common factor of 9 and q?
9
Suppose -2*d = -3*d + 99. Let z be -3 + (-1 - 0)*-14. Calculate the greatest common factor of z and d.
11
Suppose -3*k + 5*k - 5*n - 130 = 0, 4*k - 4*n - 236 = 0. What is the greatest common factor of 5 and k?
5
Suppose 0 = 5*f - 2*o - 30, 4*o + 0*o = 2*f - 28. Let t be (-2)/f*-4*100. Calculate the highest common factor of t and 25.
25
Let i(m) = 68*m - 5. Let w be i(1). Calculate the greatest common divisor of w and 9.
9
Let g be 16/(-6)*(-42)/8. Calculate the greatest common factor of 14 and g.
14
Let d = -7 + 14. Let o(t) = -4 - 5*t - t**2 + 14*t - 6. Let s be o(d). Calculate the highest common factor of s and 2.
2
Let f(z) = 7*z + 1. Let p be f(3). Calculate the greatest common divisor of 55 and p.
11
Let u = -97 - -137. Let i(a) = 2*a - 4. Let f be i(6). Let v be (2 - 0/(-2))*f. What is the greatest common factor of u and v?
8
Let b(z) = 11*z**3 - z**2. Let q be 0 - -1 - 2 - -2. Let i be b(q). What is the greatest common factor of i and 80?
10
Let g be (42/4 - 2) + 4/(-8). What is the greatest common divisor of 2 and g?
2
Suppose -5*d - 15 = -5*p, 4*p = -3*d + d + 18. Suppose -2*u + p*u - 440 = 0. Calculate the highest common divisor of u and 20.
20
Let n be 142 - (1 - 1) - (-2)/(-1). What is the highest common factor of 14 and n?
14
Suppose -16 = -2*a + 8. What is the greatest common divisor of 96 and a?
12
Let d be (-4)/26 - 1876/(-26). What is the highest common divisor of 8 and d?
8
Let u(c) = 27*c**2 + 2*c - 4. Let x be u(-4). Suppose 0 = -6*d + 3*d + 18. Suppose -x = -d*r + r. What is the greatest common factor of r and 21?
21
Let k(c) = -c**3 + 23*c**2 + 25*c + 56. Let s be k(24). Calculate the highest common divisor of 120 and s.
40
Let s = -11 + 2. Let o be ((-4)/6)/(2/s). What is the highest common divisor of 15 and o?
3
Let o(z) = 21*z + 3. Let v be o(2). What is the highest common divisor of v and 18?
9
Suppose 33 = 3*l - 3*v, -2*l + 0*v - 3*v = -7. Suppose 4*b = -4*o - 23 + 67, -53 = -3*o + b. What is the highest common factor of o and l?
8
Let c(f) = f + 23. Let z be c(-11). What is the greatest common divisor of z and 3?
3
Let r(c) = -c + 24. Let f be r(0). Let w = 5 + 11. What is the highest common factor of f and w?
8
Let d = -26 - -36. Let c = d - -11. What is the highest common factor of c and 84?
21
Suppose 3*s + 47 = 5*s - 5*n, -3*n - 15 = 0. Let h = s - -37. Calculate the highest common divisor of 12 and h.
12
Let h(t) = -t - 7. Let b be h(-7). Let u(o) = o + 11. Let i be u(b). Suppose 4*c = 621 - 137. What is the greatest common divisor of i and c?
11
Suppose 13 = -3*x + 169. Calculate the highest common divisor of x and 78.
26
Suppose 0 = -4*w + v + 24, 0*v = -w + 5*v - 13. Calculate the highest common divisor of 91 and w.
7
Suppose -2*j = -7 - 21. Suppose -5*c + 3*f = 4, -4*f + 1 = -3*c - 8. Suppose -s = -c - 1. Calculate the highest common factor of j and s.
2
Let p be (3/(-6))/(3/(-156)). Let y = p - 13. What is the highest common factor of y and 117?
13
Let y be 2/8 - 219/(-4). Suppose 0 = 5*t - 203 + 68. Suppose -3*m + 39 = -t. What is the greatest common divisor of m and y?
11
Let g(m) = -52*m. Let a be g(-2). Let y be (a/(-40))/(2/(-10)). Let r be y - (3 + -1 - 0). Calculate the highest common divisor of 44 and r.
11
Suppose a = -4*j - j - 22, -2*j + 2 = 4*a. Let f = j - -9. Suppose -w + 3*g + 1 = 0, f*w = w + 4*g + 18. Calculate the greatest common divisor of w and 2.
2
Let c be 2 + (0 - (-2 + 2)). Let u(v) = -2*v**2 + 4 - 2*v**2 + 3*v**c - 2*v + 4*v**2. Let t be u(4). Calculate the greatest common factor of t and 110.
22
Let f be (8/3)/(-4)*-24. Let v = f - 9. What is the highest common divisor of 21 and v?
7
Suppose 8 = -10*j + 12*j. What is the greatest common factor of 1 and j?
1
Let j(c) = 2*c**2 + 10*c + 4. Let g be j(-7). Calculate the greatest common divisor of g and 256.
32
Let y(w) = w - 4. Let r be y(6). Suppose -z = z - 4*f - 58, 52 =